**3 + q**2 + q - 2. Let a be s(1). What is g(a)?
0
Let v(j) = 2*j**3 - 3*j**2 + 2*j - 2. Suppose -a + 30 = 5*t + 4*a, -8 = -2*a. What is v(t)?
6
Let b(z) = -2*z**2 + z. Let p(h) = -7*h**2 + 10*h + 6. Let j(v) = -4*b(v) + p(v). Determine j(-4).
-2
Let s(z) = -z**2 - 1. Let w be s(0). Let b(i) be the third derivative of -7*i**5/60 - i**4/24 - i**3/6 + 2*i**2. Determine b(w).
-7
Suppose 3*l = -12, 5*l + 2 = -2*x - 12. Let v(h) = h - 1. Calculate v(x).
2
Let f(g) = 8*g + 5 - 4 - 9*g. What is f(-1)?
2
Let y(w) = -w**2 + 19*w - 4. Let h be y(19). Let q(c) = -1 + 4 + 3*c - 5*c. Calculate q(h).
11
Suppose -5*i + 2*k - 92 = 0, -5*k = -3*i - 56 + 16. Let r = -20 - i. Let n(q) = 3*q**2 - 10 + 2*q - 2*q**2 - q. Give n(r).
-10
Let f(h) = h**3 + 3*h**2 + h. Let n(z) = -z**2 + 14*z + 12. Let a be n(15). What is f(a)?
-3
Let v(a) = -a**3 + 4*a**2 - a + 1. Let j be (0 + (-9)/(-2))*6. Suppose -3*l + j = -6*l. Let w(x) = x + 13. Let f be w(l). What is v(f)?
-3
Let w(d) be the third derivative of -3*d**2 - 1/24*d**4 + 0*d + 0 - 1/2*d**3. Calculate w(4).
-7
Let g(u) = u - 8. Suppose -7*c - 2*c = -54. Calculate g(c).
-2
Suppose 6*y = 3*y - 12. Let l(v) = -5*v - 5. What is l(y)?
15
Let z(r) be the third derivative of r**4/24 + r**3 - 11*r**2. Give z(-6).
0
Let g(j) be the first derivative of j**4/4 - 2*j**3 + j**2/2 - 4*j - 3. Let a = 8 - 2. Calculate g(a).
2
Let y = 21 + -18. Let g(b) = 3*b**2 + 5*b - 3 + 1 - 6*b**2 - b**y + 4*b**2. Calculate g(3).
-5
Let f(b) = b**3 - b + 4. Suppose -3*x = -4*x. Calculate f(x).
4
Let f(j) = j**3 + j**2 + 6*j + 5. Let c = -8 + 14. Let w(g) = -g**2 - g - 1. Let x(t) = c*w(t) + f(t). Let h be 1/(-2) + (-11)/(-2). Give x(h).
-1
Let z(d) = -3*d**2 - 3*d - 3. Suppose 2*c = -3*u + 19, -2*c + 30 = 3*c + 4*u. Suppose -i - c = 4. Let j = 4 + i. Calculate z(j).
-9
Let m(p) = -7*p + 4. Let b(g) = -13*g + 8. Let a(o) = 6*b(o) - 11*m(o). Give a(3).
1
Let j(k) = -k**3 + 6*k**2 - 3*k. Let m = 0 - -4. What is j(m)?
20
Let m(d) = -d + 5. Suppose -z - 3*c = -c + 7, -4*z - c - 49 = 0. Let q = z + 17. Determine m(q).
1
Suppose 0 = 2*k + 3 - 7. Let x(m) = 2*m**2 - m - 2. Let r be x(k). Let w(z) = -2*z + 2. Determine w(r).
-6
Let h be (-1)/3*(-3)/(-1). Let p(n) be the second derivative of -3*n**5/10 + n**3/6 + n**2/2 + 3*n. Calculate p(h).
6
Let a(o) be the first derivative of -1/2*o**2 - 11/4*o**4 + 5 + 0*o + 0*o**3. Calculate a(1).
-12
Let v be 80/15 + 1/(-3). Let x(w) = -v + 0*w**2 + w**2 - w**3 + 6*w + 3*w**2 - w**2. What is x(4)?
3
Let f = -2 + 3. Let w(o) = o**3 - o**2 - o. Let y be w(f). Let z(k) = 2*k**2 - 2*k - 1. What is z(y)?
3
Let s be (3/(-3) - -2) + 4. Let i(t) = t**2 - 4*t + 3. Calculate i(s).
8
Let u(d) = d - 4*d + 2 + 2*d. Calculate u(-4).
6
Let a(n) = 3*n + 2. Suppose 0 = -0*h + 3*h - 6. Suppose 3*w - 11 = h*v - v, 0 = 4*v - w + 11. Determine a(v).
-4
Let v be (-6)/(4/(16/(-6))). Suppose -v - 8 = -4*r. Let o(g) = -4*g + r*g + 2 - g**2 - 3. Determine o(-1).
-1
Let s(z) = 2*z - 1. Let i = 9 + -6. Suppose i*o - 15 = 8*o. What is s(o)?
-7
Let z be (10/(-6))/(6/(-18)). Let t(n) = n**2 - 6*n + 3. Determine t(z).
-2
Let n(g) = g**2 - g - 3. Let b(t) = t**3 - t**2 - 2*t + 3. Let r be b(2). Give n(r).
3
Let o(x) = -x**3 - 5*x**2 - x - 5. Suppose -8*m = -4*m. Suppose 6 = 2*g, m*g - g = -3*v + 18. Let f = -12 + v. Calculate o(f).
0
Let c(t) = 8*t**2 + 3. Let n(f) = 9*f**2 + f + 3. Let m(r) = -4*c(r) + 3*n(r). Give m(2).
-17
Let y(n) = -n**3 + 6*n**2 + n + 8. Let p(j) = 3*j**3 - 17*j**2 - 3*j - 23. Let k(u) = 6*p(u) + 17*y(u). Let m(z) = z - 3. Let r be m(3). Calculate k(r).
-2
Let g(m) be the third derivative of m**5/30 - m**3/6 - 6*m**2. Let r be (1 - -1) + (0 - 3). Give g(r).
1
Let t(w) = w**3 + w**2 + w - 5. Let o(q) = q**3 - 5*q**2 - 2*q + 10. Let f be o(5). Calculate t(f).
-5
Let c(l) = -4*l**2 - 2*l + 1. Let v(q) = 7*q**2 + 3*q - 1. Let r(a) = -5*c(a) - 3*v(a). Determine r(3).
-8
Suppose -3*r - 3 = -2*k, -5*k + 3*k + 8 = 2*r. Let b(q) = -2 - q + 0*q - k. Determine b(-5).
0
Let j(a) = a + 8. Let w(h) = h + 8. Let r(q) = 4*j(q) - 3*w(q). Determine r(0).
8
Let h be (-3)/12 + (-25)/(-4). Suppose -3*u = -h*u + 3. Let o(y) = y + 3*y + u - 6*y - 7*y. What is o(1)?
-8
Let x(k) = -2*k**3 + 3*k**2 - k + 2. Let t be x(2). Let r(z) = 2*z**2 + 5*z - 6. Let f be r(4). Let b(g) = -g - f + 46. Calculate b(t).
4
Let k(h) be the third derivative of h**6/120 - h**5/10 + h**4/12 - 4*h**3/3 - 2*h**2. Give k(6).
4
Let g be 2 + 1 + -2 + 1. Let n(p) = -26*p + 11*p + 12*p + 0 - 1. Calculate n(g).
-7
Suppose -2*l = l + 9. Let n(u) = -u**3 - 4*u**2 - 4*u + 2. Let i(x) = -1. Let g(p) = 3*i(p) + n(p). Determine g(l).
2
Let p be (-1 - -4) + -7 - -5. Let w(c) = -6*c**2 + c - 1. What is w(p)?
-6
Let x(t) = t**3 + 2*t**2 - t - 1. Let f be x(-2). Let v(b) = b**2 + 2 + 189*b**3 - 2 - 190*b**3. Determine v(f).
0
Let h(c) be the second derivative of -c**5/20 - c**4/2 + c**3/3 + 7*c**2/2 - 7*c. Calculate h(-6).
-5
Let a(c) be the third derivative of 0*c + 1/20*c**5 + 2*c**2 - 1/6*c**3 + 0 + 0*c**4 - 1/120*c**6. Give a(2).
3
Let i be 15/(-4 - -1) - -3. Let u(a) = 2*a + 2. Calculate u(i).
-2
Let y(p) = -p + 0*p + 3*p**2 - 2*p**3 + 0*p + 0*p**3. Calculate y(2).
-6
Let x(l) = -l - 1. Let r = -15 + 20. Calculate x(r).
-6
Let y(d) = 2*d - 4. Let f(m) = 11*m**3 + 1. Let k be f(1). Suppose -p + k + 9 = -3*l, 0 = -5*l - 15. Let b be (5/2)/(6/p). Determine y(b).
6
Suppose k + 2*z = -2*z - 2, -2*z = 2. Suppose -o + 12 = k*o. Let u = o + -5. Let m(f) = 8*f**2 + f + 1. Give m(u).
8
Let u(l) be the first derivative of l**2/2 + 2*l + 10. Give u(-8).
-6
Let c = -3 + -2. Let r(t) be the first derivative of 5*t + 2 + 1/2*t**2. Calculate r(c).
0
Let d(p) = -19 + p**3 + 3 + p - p**2 + 15. Calculate d(-2).
-15
Suppose -10 = -0*j - 2*j. Suppose -5*s = 4*v + 2, -j*s + 5*v + 6 + 19 = 0. Let p(t) = -t + 4*t**s - 2 + 2*t + t**3 + 3. What is p(-3)?
7
Let d(s) = -s - 2. Suppose -25 = -5*q - 5*a, -3*q - 5*a = -q - 16. Let b = -3 - q. Determine d(b).
4
Let j(i) = -3*i + 3. Let m be (-3)/2*(-6)/(-3). Calculate j(m).
12
Suppose 3*b + 5*w + 0*w - 14 = 0, 0 = 5*b - 4*w - 11. Let n(u) be the second derivative of 0 - b*u**2 - u - 1/3*u**4 - 1/2*u**3 + 1/20*u**5. What is n(5)?
4
Suppose z = 6*z. Let h be (3 - z)/((-15)/(-10)). Let b(u) = -u**3 + 2*u**2 - 2*u - 2. Determine b(h).
-6
Let u(x) = -x**3 - 13*x**2 + 14*x + 6. Let c be u(-14). Let h(n) = n**2 - 5*n + 9. Give h(c).
15
Let x(f) = 3*f**2 - f - 3. Let k(i) = 7*i**2 - i - 6. Let r(u) = 6*k(u) - 10*x(u). Let n(z) = 12*z**2 + 3*z - 5. Let l(t) = 5*n(t) - 4*r(t). Give l(-1).
12
Suppose 5*h - 24 - 16 = 0. Let s = h - 3. Let r(v) = -2*v + 4. Calculate r(s).
-6
Let m(k) = k**3 + 6*k**2 - 1. Let g be m(-6). Let z(c) = 4 - 57*c + 4*c**2 - 4 + 58*c. What is z(g)?
3
Let m(v) = v - 6. Let c(d) = -5. Let z(w) = 5. Let u(a) = 6*c(a) + 7*z(a). Let g(s) = 4*m(s) + 5*u(s). What is g(-1)?
-3
Let g(l) = -3*l**3 + 2*l + 1. Let j = 3 + -4. Let r be g(j). Let n(i) = 2*i**2 - 6*i - 1. Let q(k) = -3*k**2 + 11*k + 1. Let t(v) = -5*n(v) - 3*q(v). Give t(r).
-8
Let o(c) be the third derivative of -c**5/60 + c**4/8 + c**3/2 - c**2. Let h = 21 + -9. Let q(b) = b**3 - 11*b**2 - 12*b + 5. Let i be q(h). Determine o(i).
-7
Suppose 3*u = 5*u. Let x(j) = -3 + u*j - j**2 + 3*j + 2 - 2*j. Calculate x(0).
-1
Let d(a) = -10*a. Let t(g) = 15*g. Let i(m) = -8*d(m) - 5*t(m). Give i(1).
5
Let p(z) = 5 + 3 - 9 + 4 + 2*z - z**2 - 2*z**3. Give p(-2).
11
Suppose -n + 56 = 7*n. Let o(m) = -2*m + 8. What is o(n)?
-6
Let z be (-9)/2*(-32)/(-6). Let q be (1/(-2))/((-6)/z). Let a(h) = -h**2 - 3*h - 1. What is a(q)?
1
Let t(b) = 2*b**2 - 4*b**2 - 5*b**2 - 7*b + b**3 + 0*b**2 - 3. Let o be t(8). Let d(j) be the second derivative of -j**3/6 + 7*j**2/2 - 3*j. Determine d(o).
2
Let x be ((-1)/3)/(3/45). Let a(b) = b**3 + 6*b**2 + 5*b + 1. What is a(x)?
1
Let l(s) = -s - 1. Suppose 5*o + 24 = -1. Let i(f) = -f - 1. Let m(y) = o*l(y) + 6*i(y). Suppose 0 = -7*n + 2*n - 15. What is m(n)?
2
Suppose 9*f - 12 = 6*f. Let b(q) = 3*q - 4. Give b(f).
8
Let v(m) = -m. Let g = -8 - -5. Let q be 0*(-2)/12*g. Give v(q).
0
Let m(s) = s**2 + 1. Let u(q) = -9*q - 1. Let k be u(-1). Let v = -16 + k. Let a be v/(-6) - (-4)/6. What is m(a)?
5
Suppose 8 = -2*r + 4*r. Let x = 6 - r. Let u(w) = -2*w**2 + 2*w. Determine u(x).
-4
Sup